{"id":1759,"date":"2022-12-20T07:53:48","date_gmt":"2022-12-20T07:53:48","guid":{"rendered":"https:\/\/id-micro.de\/mazos-de-cables\/"},"modified":"2023-04-26T08:52:25","modified_gmt":"2023-04-26T08:52:25","slug":"mazos-de-cables","status":"publish","type":"page","link":"https:\/\/id-micro.de\/es\/mazos-de-cables\/","title":{"rendered":"Mazos de cables"},"content":{"rendered":"\t\t<div data-elementor-type=\"wp-page\" data-elementor-id=\"1759\" class=\"elementor elementor-1759 elementor-58\" data-elementor-post-type=\"page\">\n\t\t\t\t\t\t<section class=\"elementor-section elementor-top-section elementor-element elementor-element-502e38a elementor-section-height-min-height elementor-section-boxed elementor-section-height-default elementor-section-items-middle\" data-id=\"502e38a\" data-element_type=\"section\" data-e-type=\"section\">\n\t\t\t\t\t\t<div class=\"elementor-container elementor-column-gap-default\">\n\t\t\t\t\t<div class=\"elementor-column elementor-col-100 elementor-top-column elementor-element elementor-element-6eb8dc2\" data-id=\"6eb8dc2\" data-element_type=\"column\" data-e-type=\"column\">\n\t\t\t<div class=\"elementor-widget-wrap elementor-element-populated\">\n\t\t\t\t\t\t<div class=\"elementor-element elementor-element-bc32bc1 elementor-widget elementor-widget-heading\" data-id=\"bc32bc1\" data-element_type=\"widget\" data-e-type=\"widget\" data-widget_type=\"heading.default\">\n\t\t\t\t<div class=\"elementor-widget-container\">\n\t\t\t\t\t<h2 class=\"elementor-heading-title elementor-size-default\">Mazos de cables<\/h2>\t\t\t\t<\/div>\n\t\t\t\t<\/div>\n\t\t\t\t<section class=\"elementor-section elementor-inner-section elementor-element elementor-element-c7110c1 elementor-section-boxed elementor-section-height-default elementor-section-height-default\" data-id=\"c7110c1\" data-element_type=\"section\" data-e-type=\"section\">\n\t\t\t\t\t\t<div class=\"elementor-container elementor-column-gap-default\">\n\t\t\t\t\t<div class=\"elementor-column elementor-col-50 elementor-inner-column elementor-element elementor-element-a7c3fc1\" data-id=\"a7c3fc1\" data-element_type=\"column\" data-e-type=\"column\">\n\t\t\t<div class=\"elementor-widget-wrap elementor-element-populated\">\n\t\t\t\t\t\t<div class=\"elementor-element elementor-element-8fb2d8d elementor-widget elementor-widget-text-editor\" data-id=\"8fb2d8d\" data-element_type=\"widget\" data-e-type=\"widget\" data-widget_type=\"text-editor.default\">\n\t\t\t\t<div class=\"elementor-widget-container\">\n\t\t\t\t\t\t\t\t\t<p>Si lo desea, tambi\u00e9n podemos fabricar mazos de cables personalizados. Ya sea con revestimiento, armario de control, iluminaci\u00f3n o sensores, nuestros mazos de cables son tan individuales como sus m\u00e1quinas y se desarrollan y fabrican espec\u00edficamente para sus necesidades.<\/p>\n\t\t\t\t\t\t\t\t<\/div>\n\t\t\t\t<\/div>\n\t\t\t\t\t<\/div>\n\t\t<\/div>\n\t\t\t\t<div class=\"elementor-column elementor-col-50 elementor-inner-column elementor-element elementor-element-445d0c6\" data-id=\"445d0c6\" data-element_type=\"column\" data-e-type=\"column\">\n\t\t\t<div class=\"elementor-widget-wrap elementor-element-populated\">\n\t\t\t\t\t\t<div class=\"elementor-element elementor-element-05866e3 elementor-widget elementor-widget-image\" data-id=\"05866e3\" data-element_type=\"widget\" data-e-type=\"widget\" data-widget_type=\"image.default\">\n\t\t\t\t<div class=\"elementor-widget-container\">\n\t\t\t\t\t\t\t\t\t\t\t\t\t\t\t<img decoding=\"async\" src=\"https:\/\/id-micro.de\/wp-content\/uploads\/elementor\/thumbs\/Kabelbaum_freigestellt-q14kfjbjt3q6ws7s340rhnhkwv3uz9wztjow2tsrnk.png\" title=\"Kabelbaum_freigestellt\" alt=\"Kabelbaum_freigestellt\" loading=\"lazy\" \/>\t\t\t\t\t\t\t\t\t\t\t\t\t\t\t<\/div>\n\t\t\t\t<\/div>\n\t\t\t\t\t<\/div>\n\t\t<\/div>\n\t\t\t\t\t<\/div>\n\t\t<\/section>\n\t\t\t\t\t<\/div>\n\t\t<\/div>\n\t\t\t\t\t<\/div>\n\t\t<\/section>\n\t\t\t\t<\/div>\n\t\t","protected":false},"excerpt":{"rendered":"<p>Mazos de cables Si lo desea, tambi\u00e9n podemos fabricar mazos de cables personalizados. Ya sea con revestimiento, armario de control, iluminaci\u00f3n o sensores, nuestros mazos de cables son tan individuales como sus m\u00e1quinas y se desarrollan y fabrican espec\u00edficamente para sus necesidades.<\/p>\n","protected":false},"author":1,"featured_media":0,"parent":0,"menu_order":0,"comment_status":"closed","ping_status":"closed","template":"","meta":{"footnotes":""},"class_list":["post-1759","page","type-page","status-publish","hentry"],"yoast_head":"<!-- This site is optimized with the Yoast SEO plugin v26.8 - https:\/\/yoast.com\/product\/yoast-seo-wordpress\/ -->\n<title>Mazos de cables - ID Microelektronik &amp; Me\u00dftechnik<\/title>\n<meta name=\"description\" content=\"Electr\u00f3nica a la carta - Desarrollo y producci\u00f3n a medida de dispositivos de mando, unidades de control, tecnolog\u00eda de medici\u00f3n y mazos de cables\" \/>\n<meta name=\"robots\" content=\"index, follow, max-snippet:-1, max-image-preview:large, max-video-preview:-1\" \/>\n<link rel=\"canonical\" href=\"https:\/\/id-micro.de\/es\/mazos-de-cables\/\" \/>\n<meta property=\"og:locale\" content=\"es_ES\" \/>\n<meta property=\"og:type\" content=\"article\" \/>\n<meta property=\"og:title\" content=\"Mazos de cables - ID Microelektronik &amp; Me\u00dftechnik\" \/>\n<meta property=\"og:description\" content=\"Electr\u00f3nica a la carta - Desarrollo y producci\u00f3n a medida de dispositivos de mando, unidades de control, tecnolog\u00eda de medici\u00f3n y mazos de cables\" \/>\n<meta property=\"og:url\" content=\"https:\/\/id-micro.de\/es\/mazos-de-cables\/\" \/>\n<meta property=\"og:site_name\" content=\"ID Microelektronik &amp; Me\u00dftechnik\" \/>\n<meta property=\"article:modified_time\" content=\"2023-04-26T08:52:25+00:00\" \/>\n<meta property=\"og:image\" content=\"https:\/\/id-micro.de\/wp-content\/uploads\/elementor\/thumbs\/Kabelbaum_freigestellt-q14kfjbjt3q6ws7s340rhnhkwv3uz9wztjow2tsrnk.png\" \/>\n<meta name=\"twitter:card\" content=\"summary_large_image\" \/>\n<script type=\"application\/ld+json\" class=\"yoast-schema-graph\">{\"@context\":\"https:\/\/schema.org\",\"@graph\":[{\"@type\":\"WebPage\",\"@id\":\"https:\/\/id-micro.de\/es\/mazos-de-cables\/\",\"url\":\"https:\/\/id-micro.de\/es\/mazos-de-cables\/\",\"name\":\"Mazos de cables - ID Microelektronik &amp; Me\u00dftechnik\",\"isPartOf\":{\"@id\":\"https:\/\/id-micro.de\/es\/#website\"},\"primaryImageOfPage\":{\"@id\":\"https:\/\/id-micro.de\/es\/mazos-de-cables\/#primaryimage\"},\"image\":{\"@id\":\"https:\/\/id-micro.de\/es\/mazos-de-cables\/#primaryimage\"},\"thumbnailUrl\":\"https:\/\/id-micro.de\/wp-content\/uploads\/elementor\/thumbs\/Kabelbaum_freigestellt-q14kfjbjt3q6ws7s340rhnhkwv3uz9wztjow2tsrnk.png\",\"datePublished\":\"2022-12-20T07:53:48+00:00\",\"dateModified\":\"2023-04-26T08:52:25+00:00\",\"description\":\"Electr\u00f3nica a la carta - Desarrollo y producci\u00f3n a medida de dispositivos de mando, unidades de control, tecnolog\u00eda de medici\u00f3n y mazos de cables\",\"breadcrumb\":{\"@id\":\"https:\/\/id-micro.de\/es\/mazos-de-cables\/#breadcrumb\"},\"inLanguage\":\"es\",\"potentialAction\":[{\"@type\":\"ReadAction\",\"target\":[\"https:\/\/id-micro.de\/es\/mazos-de-cables\/\"]}]},{\"@type\":\"ImageObject\",\"inLanguage\":\"es\",\"@id\":\"https:\/\/id-micro.de\/es\/mazos-de-cables\/#primaryimage\",\"url\":\"https:\/\/id-micro.de\/wp-content\/uploads\/elementor\/thumbs\/Kabelbaum_freigestellt-q14kfjbjt3q6ws7s340rhnhkwv3uz9wztjow2tsrnk.png\",\"contentUrl\":\"https:\/\/id-micro.de\/wp-content\/uploads\/elementor\/thumbs\/Kabelbaum_freigestellt-q14kfjbjt3q6ws7s340rhnhkwv3uz9wztjow2tsrnk.png\"},{\"@type\":\"BreadcrumbList\",\"@id\":\"https:\/\/id-micro.de\/es\/mazos-de-cables\/#breadcrumb\",\"itemListElement\":[{\"@type\":\"ListItem\",\"position\":1,\"name\":\"Startseite\",\"item\":\"https:\/\/id-micro.de\/es\/inicio\/\"},{\"@type\":\"ListItem\",\"position\":2,\"name\":\"Mazos de cables\"}]},{\"@type\":\"WebSite\",\"@id\":\"https:\/\/id-micro.de\/es\/#website\",\"url\":\"https:\/\/id-micro.de\/es\/\",\"name\":\"ID Microelektronik & Me\u00dftechnik\",\"description\":\"Elektronik \u00e0 la carte\",\"publisher\":{\"@id\":\"https:\/\/id-micro.de\/es\/#organization\"},\"potentialAction\":[{\"@type\":\"SearchAction\",\"target\":{\"@type\":\"EntryPoint\",\"urlTemplate\":\"https:\/\/id-micro.de\/es\/?s={search_term_string}\"},\"query-input\":{\"@type\":\"PropertyValueSpecification\",\"valueRequired\":true,\"valueName\":\"search_term_string\"}}],\"inLanguage\":\"es\"},{\"@type\":\"Organization\",\"@id\":\"https:\/\/id-micro.de\/es\/#organization\",\"name\":\"ID Microelektronik & Me\u00dftechnik GmbH\",\"url\":\"https:\/\/id-micro.de\/es\/\",\"logo\":{\"@type\":\"ImageObject\",\"inLanguage\":\"es\",\"@id\":\"https:\/\/id-micro.de\/es\/#\/schema\/logo\/image\/\",\"url\":\"https:\/\/id-micro.de\/wp-content\/uploads\/2022\/12\/ID-Logo_freigestellt.png\",\"contentUrl\":\"https:\/\/id-micro.de\/wp-content\/uploads\/2022\/12\/ID-Logo_freigestellt.png\",\"width\":1920,\"height\":361,\"caption\":\"ID Microelektronik & Me\u00dftechnik GmbH\"},\"image\":{\"@id\":\"https:\/\/id-micro.de\/es\/#\/schema\/logo\/image\/\"}}]}<\/script>\n<!-- \/ Yoast SEO plugin. -->","yoast_head_json":{"title":"Mazos de cables - ID Microelektronik &amp; Me\u00dftechnik","description":"Electr\u00f3nica a la carta - Desarrollo y producci\u00f3n a medida de dispositivos de mando, unidades de control, tecnolog\u00eda de medici\u00f3n y mazos de cables","robots":{"index":"index","follow":"follow","max-snippet":"max-snippet:-1","max-image-preview":"max-image-preview:large","max-video-preview":"max-video-preview:-1"},"canonical":"https:\/\/id-micro.de\/es\/mazos-de-cables\/","og_locale":"es_ES","og_type":"article","og_title":"Mazos de cables - ID Microelektronik &amp; Me\u00dftechnik","og_description":"Electr\u00f3nica a la carta - Desarrollo y producci\u00f3n a medida de dispositivos de mando, unidades de control, tecnolog\u00eda de medici\u00f3n y mazos de cables","og_url":"https:\/\/id-micro.de\/es\/mazos-de-cables\/","og_site_name":"ID Microelektronik &amp; Me\u00dftechnik","article_modified_time":"2023-04-26T08:52:25+00:00","og_image":[{"url":"https:\/\/id-micro.de\/wp-content\/uploads\/elementor\/thumbs\/Kabelbaum_freigestellt-q14kfjbjt3q6ws7s340rhnhkwv3uz9wztjow2tsrnk.png","type":"","width":"","height":""}],"twitter_card":"summary_large_image","schema":{"@context":"https:\/\/schema.org","@graph":[{"@type":"WebPage","@id":"https:\/\/id-micro.de\/es\/mazos-de-cables\/","url":"https:\/\/id-micro.de\/es\/mazos-de-cables\/","name":"Mazos de cables - ID Microelektronik &amp; Me\u00dftechnik","isPartOf":{"@id":"https:\/\/id-micro.de\/es\/#website"},"primaryImageOfPage":{"@id":"https:\/\/id-micro.de\/es\/mazos-de-cables\/#primaryimage"},"image":{"@id":"https:\/\/id-micro.de\/es\/mazos-de-cables\/#primaryimage"},"thumbnailUrl":"https:\/\/id-micro.de\/wp-content\/uploads\/elementor\/thumbs\/Kabelbaum_freigestellt-q14kfjbjt3q6ws7s340rhnhkwv3uz9wztjow2tsrnk.png","datePublished":"2022-12-20T07:53:48+00:00","dateModified":"2023-04-26T08:52:25+00:00","description":"Electr\u00f3nica a la carta - Desarrollo y producci\u00f3n a medida de dispositivos de mando, unidades de control, tecnolog\u00eda de medici\u00f3n y mazos de cables","breadcrumb":{"@id":"https:\/\/id-micro.de\/es\/mazos-de-cables\/#breadcrumb"},"inLanguage":"es","potentialAction":[{"@type":"ReadAction","target":["https:\/\/id-micro.de\/es\/mazos-de-cables\/"]}]},{"@type":"ImageObject","inLanguage":"es","@id":"https:\/\/id-micro.de\/es\/mazos-de-cables\/#primaryimage","url":"https:\/\/id-micro.de\/wp-content\/uploads\/elementor\/thumbs\/Kabelbaum_freigestellt-q14kfjbjt3q6ws7s340rhnhkwv3uz9wztjow2tsrnk.png","contentUrl":"https:\/\/id-micro.de\/wp-content\/uploads\/elementor\/thumbs\/Kabelbaum_freigestellt-q14kfjbjt3q6ws7s340rhnhkwv3uz9wztjow2tsrnk.png"},{"@type":"BreadcrumbList","@id":"https:\/\/id-micro.de\/es\/mazos-de-cables\/#breadcrumb","itemListElement":[{"@type":"ListItem","position":1,"name":"Startseite","item":"https:\/\/id-micro.de\/es\/inicio\/"},{"@type":"ListItem","position":2,"name":"Mazos de cables"}]},{"@type":"WebSite","@id":"https:\/\/id-micro.de\/es\/#website","url":"https:\/\/id-micro.de\/es\/","name":"ID Microelektronik & Me\u00dftechnik","description":"Elektronik \u00e0 la carte","publisher":{"@id":"https:\/\/id-micro.de\/es\/#organization"},"potentialAction":[{"@type":"SearchAction","target":{"@type":"EntryPoint","urlTemplate":"https:\/\/id-micro.de\/es\/?s={search_term_string}"},"query-input":{"@type":"PropertyValueSpecification","valueRequired":true,"valueName":"search_term_string"}}],"inLanguage":"es"},{"@type":"Organization","@id":"https:\/\/id-micro.de\/es\/#organization","name":"ID Microelektronik & Me\u00dftechnik GmbH","url":"https:\/\/id-micro.de\/es\/","logo":{"@type":"ImageObject","inLanguage":"es","@id":"https:\/\/id-micro.de\/es\/#\/schema\/logo\/image\/","url":"https:\/\/id-micro.de\/wp-content\/uploads\/2022\/12\/ID-Logo_freigestellt.png","contentUrl":"https:\/\/id-micro.de\/wp-content\/uploads\/2022\/12\/ID-Logo_freigestellt.png","width":1920,"height":361,"caption":"ID Microelektronik & Me\u00dftechnik GmbH"},"image":{"@id":"https:\/\/id-micro.de\/es\/#\/schema\/logo\/image\/"}}]}},"_links":{"self":[{"href":"https:\/\/id-micro.de\/es\/wp-json\/wp\/v2\/pages\/1759","targetHints":{"allow":["GET"]}}],"collection":[{"href":"https:\/\/id-micro.de\/es\/wp-json\/wp\/v2\/pages"}],"about":[{"href":"https:\/\/id-micro.de\/es\/wp-json\/wp\/v2\/types\/page"}],"author":[{"embeddable":true,"href":"https:\/\/id-micro.de\/es\/wp-json\/wp\/v2\/users\/1"}],"replies":[{"embeddable":true,"href":"https:\/\/id-micro.de\/es\/wp-json\/wp\/v2\/comments?post=1759"}],"version-history":[{"count":1,"href":"https:\/\/id-micro.de\/es\/wp-json\/wp\/v2\/pages\/1759\/revisions"}],"predecessor-version":[{"id":1760,"href":"https:\/\/id-micro.de\/es\/wp-json\/wp\/v2\/pages\/1759\/revisions\/1760"}],"wp:attachment":[{"href":"https:\/\/id-micro.de\/es\/wp-json\/wp\/v2\/media?parent=1759"}],"curies":[{"name":"wp","href":"https:\/\/api.w.org\/{rel}","templated":true}]}}

<div data-elementor-type="wp-page" data-elementor-id="1759" class="elementor elementor-1759 elementor-58" data-elementor-post-type="page">
						<section class="elementor-section elementor-top-section elementor-element elementor-element-502e38a elementor-section-height-min-height elementor-section-boxed elementor-section-height-default elementor-section-items-middle" data-id="502e38a" data-element_type="section" data-e-type="section">
						<div class="elementor-container elementor-column-gap-default">
					<div class="elementor-column elementor-col-100 elementor-top-column elementor-element elementor-element-6eb8dc2" data-id="6eb8dc2" data-element_type="column" data-e-type="column">
			<div class="elementor-widget-wrap elementor-element-populated">
						<div class="elementor-element elementor-element-bc32bc1 elementor-widget elementor-widget-heading" data-id="bc32bc1" data-element_type="widget" data-e-type="widget" data-widget_type="heading.default">
				<div class="elementor-widget-container">
					<h2 class="elementor-heading-title elementor-size-default">Mazos de cables</h2>				</div>
				</div>
				<section class="elementor-section elementor-inner-section elementor-element elementor-element-c7110c1 elementor-section-boxed elementor-section-height-default elementor-section-height-default" data-id="c7110c1" data-element_type="section" data-e-type="section">
						<div class="elementor-container elementor-column-gap-default">
					<div class="elementor-column elementor-col-50 elementor-inner-column elementor-element elementor-element-a7c3fc1" data-id="a7c3fc1" data-element_type="column" data-e-type="column">
			<div class="elementor-widget-wrap elementor-element-populated">
						<div class="elementor-element elementor-element-8fb2d8d elementor-widget elementor-widget-text-editor" data-id="8fb2d8d" data-element_type="widget" data-e-type="widget" data-widget_type="text-editor.default">
				<div class="elementor-widget-container">
									<p>Si lo desea, también podemos fabricar mazos de cables personalizados. Ya sea con revestimiento, armario de control, iluminación o sensores, nuestros mazos de cables son tan individuales como sus máquinas y se desarrollan y fabrican específicamente para sus necesidades.</p>
								</div>
				</div>
					</div>
		</div>
				<div class="elementor-column elementor-col-50 elementor-inner-column elementor-element elementor-element-445d0c6" data-id="445d0c6" data-element_type="column" data-e-type="column">
			<div class="elementor-widget-wrap elementor-element-populated">
						<div class="elementor-element elementor-element-05866e3 elementor-widget elementor-widget-image" data-id="05866e3" data-element_type="widget" data-e-type="widget" data-widget_type="image.default">
				<div class="elementor-widget-container">
															<img decoding="async" src="https://id-micro.de/wp-content/uploads/elementor/thumbs/Kabelbaum_freigestellt-q14kfjbjt3q6ws7s340rhnhkwv3uz9wztjow2tsrnk.png" title="Kabelbaum_freigestellt" alt="Kabelbaum_freigestellt" loading="lazy" />															</div>
				</div>
					</div>
		</div>
					</div>
		</section>
					</div>
		</div>
					</div>
		</section>
				</div>

<p>Mazos de cables Si lo desea, también podemos fabricar mazos de cables personalizados. Ya sea con revestimiento, armario de control, iluminación o sensores, nuestros mazos de cables son tan individuales como sus máquinas y se desarrollan y fabrican específicamente para sus necesidades.</p>

<!-- This site is optimized with the Yoast SEO plugin v26.8 - https://yoast.com/product/yoast-seo-wordpress/ -->
<title>Mazos de cables - ID Microelektronik &amp; Meßtechnik</title>
<meta name="description" content="Electrónica a la carta - Desarrollo y producción a medida de dispositivos de mando, unidades de control, tecnología de medición y mazos de cables" />
<meta name="robots" content="index, follow, max-snippet:-1, max-image-preview:large, max-video-preview:-1" />
<link rel="canonical" href="https://id-micro.de/es/mazos-de-cables/" />
<meta property="og:locale" content="es_ES" />
<meta property="og:type" content="article" />
<meta property="og:title" content="Mazos de cables - ID Microelektronik &amp; Meßtechnik" />
<meta property="og:description" content="Electrónica a la carta - Desarrollo y producción a medida de dispositivos de mando, unidades de control, tecnología de medición y mazos de cables" />
<meta property="og:url" content="https://id-micro.de/es/mazos-de-cables/" />
<meta property="og:site_name" content="ID Microelektronik &amp; Meßtechnik" />
<meta property="article:modified_time" content="2023-04-26T08:52:25+00:00" />
<meta property="og:image" content="https://id-micro.de/wp-content/uploads/elementor/thumbs/Kabelbaum_freigestellt-q14kfjbjt3q6ws7s340rhnhkwv3uz9wztjow2tsrnk.png" />
<meta name="twitter:card" content="summary_large_image" />
<script type="application/ld+json" class="yoast-schema-graph">{"@context":"https://schema.org","@graph":[{"@type":"WebPage","@id":"https://id-micro.de/es/mazos-de-cables/","url":"https://id-micro.de/es/mazos-de-cables/","name":"Mazos de cables - ID Microelektronik &amp; Meßtechnik","isPartOf":{"@id":"https://id-micro.de/es/#website"},"primaryImageOfPage":{"@id":"https://id-micro.de/es/mazos-de-cables/#primaryimage"},"image":{"@id":"https://id-micro.de/es/mazos-de-cables/#primaryimage"},"thumbnailUrl":"https://id-micro.de/wp-content/uploads/elementor/thumbs/Kabelbaum_freigestellt-q14kfjbjt3q6ws7s340rhnhkwv3uz9wztjow2tsrnk.png","datePublished":"2022-12-20T07:53:48+00:00","dateModified":"2023-04-26T08:52:25+00:00","description":"Electrónica a la carta - Desarrollo y producción a medida de dispositivos de mando, unidades de control, tecnología de medición y mazos de cables","breadcrumb":{"@id":"https://id-micro.de/es/mazos-de-cables/#breadcrumb"},"inLanguage":"es","potentialAction":[{"@type":"ReadAction","target":["https://id-micro.de/es/mazos-de-cables/"]}]},{"@type":"ImageObject","inLanguage":"es","@id":"https://id-micro.de/es/mazos-de-cables/#primaryimage","url":"https://id-micro.de/wp-content/uploads/elementor/thumbs/Kabelbaum_freigestellt-q14kfjbjt3q6ws7s340rhnhkwv3uz9wztjow2tsrnk.png","contentUrl":"https://id-micro.de/wp-content/uploads/elementor/thumbs/Kabelbaum_freigestellt-q14kfjbjt3q6ws7s340rhnhkwv3uz9wztjow2tsrnk.png"},{"@type":"BreadcrumbList","@id":"https://id-micro.de/es/mazos-de-cables/#breadcrumb","itemListElement":[{"@type":"ListItem","position":1,"name":"Startseite","item":"https://id-micro.de/es/inicio/"},{"@type":"ListItem","position":2,"name":"Mazos de cables"}]},{"@type":"WebSite","@id":"https://id-micro.de/es/#website","url":"https://id-micro.de/es/","name":"ID Microelektronik & Meßtechnik","description":"Elektronik à la carte","publisher":{"@id":"https://id-micro.de/es/#organization"},"potentialAction":[{"@type":"SearchAction","target":{"@type":"EntryPoint","urlTemplate":"https://id-micro.de/es/?s={search_term_string}"},"query-input":{"@type":"PropertyValueSpecification","valueRequired":true,"valueName":"search_term_string"}}],"inLanguage":"es"},{"@type":"Organization","@id":"https://id-micro.de/es/#organization","name":"ID Microelektronik & Meßtechnik GmbH","url":"https://id-micro.de/es/","logo":{"@type":"ImageObject","inLanguage":"es","@id":"https://id-micro.de/es/#/schema/logo/image/","url":"https://id-micro.de/wp-content/uploads/2022/12/ID-Logo_freigestellt.png","contentUrl":"https://id-micro.de/wp-content/uploads/2022/12/ID-Logo_freigestellt.png","width":1920,"height":361,"caption":"ID Microelektronik & Meßtechnik GmbH"},"image":{"@id":"https://id-micro.de/es/#/schema/logo/image/"}}]}</script>
<!-- / Yoast SEO plugin. -->

Mazos de cables - ID Microelektronik &amp; Meßtechnik

Electrónica a la carta - Desarrollo y producción a medida de dispositivos de mando, unidades de control, tecnología de medición y mazos de cables

ID Microelektronik &amp; Meßtechnik

ID Microelektronik & Meßtechnik

Elektronik à la carte

ID Microelektronik & Meßtechnik GmbH
